False
Is 135579 a multiple of 245?
False
Is 16 a factor of 288404?
False
Is 208552 a multiple of 199?
True
Does 45 divide 374943?
False
Does 9 divide 482760?
True
Is 8445084 a multiple of 244?
True
Is 442269 a multiple of 74?
False
Does 20 divide 25058?
False
Is 7 a factor of 1083446?
True
Is 38 a factor of 850649?
False
Is 906691 a multiple of 5?
False
Is 3523319 a multiple of 329?
False
Does 39 divide 276576?
False
Is 155114 a multiple of 87?
False
Does 17 divide 131835?
True
Is 119 a factor of 978693?
False
Is 605 a multiple of 11?
True
Does 1554 divide 11389658?
False
Is 21 a factor of 82694?
False
Is 24 a factor of 44442?
False
Is 66 a factor of 218592?
True
Is 10982 a multiple of 34?
True
Is 65 a factor of 9879090?
True
Does 814 divide 2307200?
False
Does 323 divide 2179154?
False
Does 17 divide 9349585?
False
Is 13 a factor of 2415010?
True
Does 349 divide 655422?
True
Is 63410 a multiple of 107?
False
Is 744090 a multiple of 51?
True
Is 8437 a multiple of 12?
False
Is 26808 a multiple of 363?
False
Is 11 a factor of 2783?
True
Is 31 a factor of 34329?
False
Is 1029917 a multiple of 353?
False
Does 365 divide 377045?
True
Is 31920205 a multiple of 530?
False
Is 53 a factor of 1106587?
True
Does 178 divide 1106725?
False
Is 365347 a multiple of 5?
False
Does 13 divide 260230?
False
Is 25 a factor of 1635153?
False
Is 135 a factor of 9605434?
False
Is 751413 a multiple of 9?
False
Does 84 divide 4627812?
True
Is 71 a factor of 137456?
True
Is 3401370 a multiple of 90?
True
Is 303 a factor of 140592?
True
Is 10 a factor of 65910?
True
Is 683125 a multiple of 125?
True
Does 116 divide 3905918?
False
Does 323 divide 1879817?
False
Does 140 divide 45377?
False
Is 42717 a multiple of 264?
False
Does 208 divide 400998?
False
Is 42 a factor of 246414?
True
Is 1254192 a multiple of 161?
False
Is 17 a factor of 54221?
False
Is 491 a factor of 1172070?
False
Is 150 a factor of 208356?
False
Is 426719 a multiple of 689?
False
Is 253 a factor of 2532024?
True
Is 194689 a multiple of 11?
True
Is 17961 a multiple of 19?
False
Is 49 a factor of 355350?
False
Does 80 divide 12880?
True
Is 243 a factor of 959607?
True
Does 3 divide 173588?
False
Is 66 a factor of 23419638?
True
Is 675612 a multiple of 383?
True
Is 5 a factor of 113229?
False
Does 492 divide 1158774?
False
Is 16 a factor of 1863765?
False
Is 38 a factor of 3051883?
False
Is 419 a factor of 18539074?
True
Is 519414 a multiple of 42?
True
Is 13391647 a multiple of 18?
False
Does 36 divide 3921372?
True
Is 6638 a multiple of 7?
False
Is 19 a factor of 484936?
False
Is 105909 a multiple of 8?
False
Is 38 a factor of 1104090?
True
Is 23 a factor of 187588?
True
Does 44 divide 138556?
True
Is 367 a factor of 290976?
False
Is 508 a factor of 1914144?
True
Does 52 divide 224552?
False
Is 276340 a multiple of 820?
True
Does 9 divide 5458466?
False
Is 123 a factor of 723736?
False
Is 4 a factor of 3755811?
False
Is 22 a factor of 7113458?
True
Does 286 divide 38324?
True
Does 178 divide 10230640?
False
Is 57 a factor of 24168?
True
Does 58 divide 630112?
True
Is 43 a factor of 3973587?
True
Does 16 divide 164754?
False
Is 524977 a multiple of 21?
False
Is 18134491 a multiple of 14?
False
Is 18 a factor of 351486?
True
Does 274 divide 154536?
True
Is 1713377 a multiple of 55?
False
Is 57 a factor of 62121?
False
Does 253 divide 345598?
True
Is 226518 a multiple of 19?
True
Is 169 a factor of 265330?
True
Is 303 a factor of 843927?
False
Is 11168 a multiple of 32?
True
Does 260 divide 1866540?
True
Is 104748 a multiple of 40?
False
Does 18 divide 396117?
False
Is 33 a factor of 12032064?
True
Does 4 divide 12739?
False
Is 21 a factor of 1006694?
False
Is 17 a factor of 4329662?
True
Is 9 a factor of 360483?
False
Is 276 a factor of 350796?
True
Is 359630 a multiple of 223?
False
Is 6062760 a multiple of 15?
True
Is 52 a factor of 849004?
True
Is 181709 a multiple of 232?
False
Is 1078706 a multiple of 26?
False
Is 65491 a multiple of 40?
False
Is 2578783 a multiple of 12?
False
Is 99 a factor of 6385302?
True
Is 80427 a multiple of 19?
True
Does 124 divide 16893158?
False
Is 662237 a multiple of 607?
True
Does 12 divide 225204?
True
Does 137 divide 1500698?
True
Does 9 divide 454549?
False
Is 1269 a factor of 2792057?
False
Does 4 divide 53644?
True
Does 65 divide 7056?
False
Is 11597300 a multiple of 33?
False
Is 154 a factor of 55520?
False
Is 9 a factor of 18765?
True
Is 297 a factor of 731511?
True
Is 100 a factor of 3281767?
False
Is 8090420 a multiple of 575?
False
Is 24 a factor of 326280?
True
Does 270 divide 1623510?
True
Is 4 a factor of 1064677?
False
Is 296 a factor of 4266248?
True
Is 6309193 a multiple of 17?
True
Is 1265882 a multiple of 36?
False
Does 200 divide 23000?
True
Does 17 divide 741999?
True
Does 87 divide 1751571?
True
Does 9 divide 22198111?
False
Is 18570430 a multiple of 10?
True
Is 18 a factor of 11408382?
True
Is 50 a factor of 51250?
True
Does 1192 divide 2626183?
False
Is 921582 a multiple of 6?
True
Does 24 divide 6489720?
True
Is 166660 a multiple of 30?
False
Is 539 a factor of 1700006?
True
Does 7 divide 1780555?
True
Does 5 divide 11740?
True
Is 631071 a multiple of 81?
True
Is 359 a factor of 581580?
True
Is 53 a factor of 1561984?
False
Is 120 a factor of 58855?
False
Does 1930 divide 1009390?
True
Does 12 divide 4488?
True
Does 25 divide 15913?
False
Is 11 a factor of 36357?
False
Does 289 divide 24404?
False
Is 6492860 a multiple of 20?
True
Does 29 divide 67224?
False
Is 21284 a multiple of 33?
False
Is 11 a factor of 9500667?
True
Does 6 divide 800937?
False
Does 106 divide 969049?
False
Is 55721 a multiple of 271?
False
Does 164 divide 154637?
False
Does 183 divide 3617178?
True
Is 304 a factor of 316768?
True
Is 102383 a multiple of 176?
False
Is 1191760 a multiple of 65?
False
Does 1281 divide 1330343?
False
Does 984 divide 2366520?
True
Does 50 divide 84694?
False
Does 20 divide 623761?
False
Does 53 divide 2882498?
False
Does 12 divide 822720?
True
Does 1100 divide 5622702?
False
Is 1164203 a multiple of 348?
False
Is 23 a factor of 184815?
False
Does 11 divide 13644230?
False
Is 15 a factor of 303285?
True
Is 244 a factor of 2681072?
True
Is 331782 a multiple of 27?
False
Is 22 a factor of 854920?
True
Is 572 a factor of 2169831?
False
Is 144288 a multiple of 96?
True
Is 1126025 a multiple of 73?
True
Is 9 a factor of 160478?
False
Is 154890 a multiple of 18?
True
Does 77 divide 196809?
False
Is 26 a factor of 339710?
False
Is 178 a factor of 527723?
False
Does 13 divide 2968950?
False
Is 38 a factor of 3500783?
False
Does 8 divide 73857?
False
Is 841120 a multiple of 9?
False
Does 5 divide 30759?
False
Is 547 a factor of 870062?
False
Is 230196 a multiple of 663?
False
Is 78 a factor of 177408?
False
Does 12 divide 1165468?
False
Is 2211048 a multiple of 24?
True
Is 63 a factor of 2745645?
False
Is 90 a factor of 5093910?
True
Is 9 a factor of 73921?
False
Does 144 divide 407988?
False
Is 153 a factor of 126342?
False
Is 6 a factor of 93738?
True
Is 15 a factor of 500805?
True
Is 5165045 a multiple of 995?
True
Is 2996470 a multiple of 519?
False
Does 178 divide 186858?
False
Is 16 a factor of 36000?
True
Is 5 a factor of 4330470?
True
Is 700130 a multiple of 265?
True
Does 3 divide 70854?
True
Is 150193 a multiple of 3?
False
Is 2 a factor of 56089?
False
Does 22 divide 68338?
False
Is 73 a factor of 2178845?
False
Does 291 divide 2893867?
False
Is 21 a factor of 649190?
False
Does 25 divide 2793750?
True
Is 4 a factor of 41348?
True
Does 116 divide 99644?
True
Is 286 a factor of 117260?
True
Does 438 divide 2925358?
False
Is 425952 a multiple of 144?
True
Is 471 a factor of 1977193?
False
Is 250830 a multiple of 270?
True
Is 54 a factor of 1311660?
True
Is 115 a factor of 128439?
False
Is 107415 a multiple of 93?
True
Is 10 a factor of 3405710?
True
Is 402128 a multiple of 138?
False
Does 12 divide 3388869?
False
Is 343 a factor of 1153509?
True
Is 455328 a multiple of 102?
True
Does 6 divide 222432?
True
Is 588 a factor of 2529601?
False
Is 240 a factor of 567840?
True
Does 11 divide 335749?
False
Is 134982 a multiple of 255?
False
Is 769 a factor of 2034005?
True
Does 58 divide 170167?
False
Is 36294 a multiple of 6?
True
Is 293 a factor of 